 base 14?
3
10 (base 9) to base 3
100
What is 3 (base 9) in base 8?
3
-3 (base 7) to base 12
-3
a (base 12) to base 15
a
What is -109 (base 10) in base 4?
-1231
What is -12 (base 8) in base 13?
-a
What is -2 (base 9) in base 3?
-2
Convert 75 (base 11) to base 16.
52
Convert 52 (base 13) to base 14.
4b
-2e (base 15) to base 12
-38
What is 34 (base 5) in base 2?
10011
Convert 16 (base 11) to base 14.
13
Convert -3 (base 8) to base 11.
-3
What is 2 (base 10) in base 3?
2
What is 10122 (base 3) in base 5?
343
-100 (base 2) to base 3
-11
What is -98 (base 16) in base 10?
-152
1131 (base 5) to base 7
325
What is 1002 (base 3) in base 16?
1d
-3 (base 12) to base 8
-3
-46 (base 9) to base 4
-222
Convert -30 (base 8) to base 6.
-40
What is -16 (base 10) in base 15?
-11
20 (base 15) to base 3
1010
41 (base 10) to base 6
105
What is -21 (base 3) in base 14?
-7
-5 (base 13) to base 10
-5
-20 (base 5) to base 12
-a
4 (base 6) to base 3
11
Convert -64 (base 16) to base 2.
-1100100
-42 (base 5) to base 4
-112
What is 377 (base 8) in base 6?
1103
Convert -33 (base 6) to base 11.
-1a
What is 10 (base 3) in base 10?
3
-13 (base 9) to base 11
-11
-91 (base 12) to base 7
-214
What is -13 (base 8) in base 2?
-1011
Convert -36 (base 14) to base 10.
-48
Convert -f0 (base 16) to base 7.
-462
a (base 11) to base 15
a
Convert -4 (base 14) to base 6.
-4
What is 155 (base 8) in base 5?
414
What is -3 (base 6) in base 3?
-10
Convert -3 (base 14) to base 16.
-3
What is 135 (base 6) in base 4?
323
What is 110121 (base 3) in base 15?
17a
What is 202 (base 5) in base 10?
52
What is 241 (base 6) in base 14?
6d
What is 51 (base 12) in base 7?
115
Convert 24 (base 6) to base 13.
13
1 (base 15) to base 10
1
11 (base 2) to base 14
3
Convert 16 (base 15) to base 13.
18
What is -7 (base 10) in base 4?
-13
Convert -9b (base 16) to base 15.
-a5
What is -27 (base 8) in base 6?
-35
Convert 8 (base 9) to base 3.
22
What is -103 (base 4) in base 12?
-17
Convert 29 (base 10) to base 16.
1d
-7 (base 15) to base 5
-12
-11 (base 4) to base 16
-5
Convert 210 (base 4) to base 11.
33
What is -13 (base 8) in base 15?
-b
Convert 8 (base 9) to base 11.
8
-14 (base 10) to base 11
-13
Convert 2 (base 13) to base 12.
2
What is 4 (base 5) in base 2?
100
What is 410 (base 6) in base 14?
aa
What is 166 (base 10) in base 12?
11a
Convert 14 (base 11) to base 7.
21
Convert -23 (base 11) to base 4.
-121
10 (base 2) to base 12
2
Convert 1141 (base 5) to base 13.
102
What is -234 (base 7) in base 11?
-102
10 (base 5) to base 12
5
Convert -1 (base 16) to base 14.
-1
What is -11 (base 3) in base 10?
-4
101 (base 2) to base 16
5
-201 (base 3) to base 10
-19
Convert d6 (base 15) to base 14.
105
What is -62 (base 10) in base 3?
-2022
-3 (base 4) to base 14
-3
What is 11 (base 2) in base 16?
3
Convert 2 (base 10) to base 16.
2
What is -10 (base 9) in base 14?
-9
Convert 0 (base 12) to base 11.
0
What is 201 (base 9) in base 15?
ad
Convert 241 (base 8) to base 6.
425
What is 3 (base 11) in base 15?
3
Convert 13 (base 10) to base 14.
d
0 (base 3) to base 8
0
0 (base 14) to base 12
0
Convert -35 (base 16) to base 11.
-49
What is -11 (base 5) in base 4?
-12
-4 (base 8) to base 5
-4
Convert -65 (base 7) to base 10.
-47
Convert 8 (base 16) to base 7.
11
Convert 3b (base 12) to base 15.
32
What is 1221 (base 5) in base 13?
114
-1 (base 7) to base 6
-1
9 (base 16) to base 10
9
What is -1 (base 2) in base 8?
-1
1 (base 6) to base 5
1
What is 0 (base 14) in base 7?
0
Convert 222 (base 3) to base 14.
1c
Convert 0 (base 9) to base 4.
0
What is 46 (base 9) in base 2?
101010
3d (base 14) to base 12
47
Convert -5 (base 16) to base 5.
-10
-3 (base 8) to base 10
-3
Convert 214 (base 5) to base 7.
113
Convert -141 (base 12) to base 13.
-11b
Convert 14 (base 13) to base 16.
11
-9 (base 14) to base 3
-100
Convert -330 (base 4) to base 7.
-114
10101000 (base 2) to base 7
330
What is 200 (base 5) in base 2?
110010
What is 1000001 (base 2) in base 11?
5a
Convert 2 (base 16) to base 7.
2
102 (base 3) to base 9
12
221 (base 4) to base 6
105
1 (base 9) to base 13
1
2 (base 10) to base 14
2
115 (base 10) to base 3
11021
What is -1100 (base 2) in base 7?
-15
What is 135 (base 10) in base 2?
10000111
What is 1 (base 14) in base 3?
1
4c (base 15) to base 4
1020
Convert 36 (base 7) to base 15.
1c
What is 0 (base 4) in base 8?
0
What is -2 (base 11) in base 4?
-2
What is -72 (base 14) in base 4?
-1210
Convert -4 (base 8) to base 3.
-11
-2 (base 4) to base 8
-2
Convert -23 (base 4) to base 10.
-11
102 (base 4) to base 8
22
21 (base 11) to base 9
25
Convert -1a (base 11) to base 2.
-10101
What is -30 (base 8) in base 4?
-120
What is 1 (base 7) in base 8?
1
16 (base 14) to base 8
24
-15 (base 8) to base 10
-13
What is -10001 (base 2) in base 10?
-17
-27 (base 16) to base 10
-39
What is -1111 (base 3) in base 14?
-2c
-3 (base 12) to base 16
-3
Convert 10101 (base 2) to base 6.
33
What is -65 (base 13) in base 12?
-6b
What is 108 (base 11) in base 12?
a9
What is 14 (base 5) in base 11?
9
60 (base 11) to base 2
1000010
What is -1 (base 5) in base 10?
-1
What is 11 (base 7) in base 14?
8
What is -1 (base 4) in base 10?
-1
What is -22 (base 4) in base 12?
-a
Convert -2 (base 9) to base 15.
-2
-34 (base 15) to base 6
-121
Convert -11 (base 5) to base 9.
-6
-101010 (base 2) to base 9
-46
-11112 (base 3) to base 4
-1322
Convert -3 (base 15) to base 14.
-3
-4 (base 5) to base 12
-4
18 (base 14) to base 5
42
44 (base 5) to base 14
1a
-156 (base 8) to base 5
-420
Convert 5 (base 13) to base 16.
5
Convert -2 (base 14) to base 13.
-2
5 (base 8) to base 14
5
What is 1 (base 8) in base 2?
1
What is -1a (base 11) in base 2?
-10101
What is -21 (base 9) in base 5?
-34
What is 104 (base 10) in base 8?
150
What is -10 (base 2) in base 16?
-2
Convert -34 (base 11) to base 12.
-31
0 (base 3) to base 4
0
What is -1 (base 6) in base 10?
-1
What is -221 (base 3) in base 16?
-19
5 (base 12) to base 13
5
What is 31 (base 10) in base 13?
25
What is 23 (base 8) in base 10?
19
Convert 14 (base 13) to base 5.
32
What is 1 (base 16) in base 8?
1
39 (base 16) to base 4
321
-107 (base 9) to base 16
-58
What is 1 (base 16) in base 11?
1
What is 304 (base 6) in base 16?
70
0 (base 7) to base 3
0
What is 10011 (base 4) in base 10?
261
What is -25 (base 11) in base 14?
-1d
Convert 7 (base 12) to base 4.
13
-2 (base 6) to base 8
-2
2 (base 10) to base 13
2
-23 (base 13) to base 10
-29
Convert -2 (base 3) to base 6.
-2
0 (base 12) to base 6
0
Convert 16 (base 15) to base 13.
18
What is 0 (base 11) in base 12?
0
What is -3 (base 8) in base 9?
-3
9 (base 11) to base 6
13
What is -100100 (base 2) in base 5?
-121
What is -21 (base 10) in base 8?
-25
-202 (base 3) to base 7
-26
Convert 213 (base 8) to base 15.
94
Convert -11110110 (base 2) to base 4.
-3312
-61 (base 9) to base 7
-106
What is -11 (base 3) in base 4?
-10
What is -3 (base 14) in base 5?
-3
a8 (base 11) to base 8
166
Convert 41 (base 6) to base 11.
23
Convert 1001000 (base 2) to base 7.
132
-223 (base 4) to base 9
-47
What is 1001 (base 3) in base 8?
34
2 (base 10) to base 16
2
What is -114 (base 8) in base 16?
-4c
Convert -6 (base 9) to base 8.
-6
-32 (base 7) to base 16
-17
What is -32 (base 12) in base 10?
-38
164 (base 11) to base 3
21002
Convert -100 (base 5) to base 14.
-1b
-2 (base 5) to base 10
-2
What is 21 (base 3) in base 5?
12
Convert -20 (base 5) to base 11.
-a
-72 (base 14) to base 11
-91
Convert 20 (base 9) to base 2.
10010
-28 (base 15) to base 9
-42
What is -3 (base 6) in base 3?
-10
-2 (base 9) to base 6
-2
Convert 2c (base 13) to base 2.
100110
What is 1 (base 2) in base 5?
1
Convert -4 (base 6) to base 10.
-4
What is -c2 (base 16) in base 8?
-302
-2012 (base 3) to base 10
-59
What is -33 (base 9) in base 2?
-11110
What is 1 (base 14) in base 3?
1
What is -3 (base 11) in base 9?
-3
What is -12 (base 10) in base 4?
-30
-3 (base 11) to base 2
-11
Convert 27 (base 14) to base 15.
25
-35 (base 11) to base 15
-28
What is 7 (base 12) in base 6?
11
Convert 53 (base 13) to base 2.
1000100
Convert -23 (base 8) to base 11.
-18
What is -1 (base 3) in base 12?
-1
What is 32 (base 16) in base 8?
62
Convert -93 (base 15) to base 8.
-212
Convert 1022 (base 4) to base 3.
2202
What is 6 (base 13) in base 7?
6
Convert -111011